2 + x. What are the prime factors of w?
2, 3
Let y be (-4)/12 - (-14)/6. Suppose g = 3*g - 3*w - 445, g = y*w + 223. List the prime factors of g.
13, 17
Suppose 8 = 4*h - 4. Let q(g) = -4*g**2 + 21*g**2 + 7*g**h - 5*g - 24 - 6*g**3. List the prime factors of q(-17).
61
Let m be (-18)/12*8/(-6). Suppose -108 + 22 = -4*v - 2*c, m*c + 9 = v. List the prime factors of v.
19
List the prime factors of ((-1242)/(2 - -1))/(456/(-2128)).
2, 3, 7, 23
Let j(n) = -144*n - 78. Let g be j(3). Let f = 823 + g. What are the prime factors of f?
313
Suppose 351 = 4*l + 5*l. Suppose 221 = -c + l. Let n = c + 256. List the prime factors of n.
2, 37
Let v(g) = -23 - 19*g - 54*g**2 + 10*g**2 - 3*g**3 + 2*g. List the prime factors of v(-16).
19, 67
Let z(j) = 3619*j + 109. What are the prime factors of z(3)?
2, 5483
Suppose -5*j - 295 = 555. Let d = 300 + j. Suppose -3*x = -d - 149. What are the prime factors of x?
3, 31
Suppose 2*n + 64 = -5*i, i = 4*i - 4*n + 28. List the prime factors of ((-472)/i)/((-3)/(-27)).
2, 3, 59
Let m = 70 + -61. Suppose -m*h - 58 - 5 = 0. List the prime factors of -1 + 1 + -4 - h.
3
Let r be (2/(-2) - -1) + 29. Suppose 72 = 2*v + u, 73*u - 181 = -5*v + 70*u. Suppose 0 = -v*n + r*n + 810. What are the prime factors of n?
3, 5
What are the prime factors of (-2940837)/(-2397) - (-2)/17?
3, 409
Suppose -13*j = 11*j - 168. Suppose -5*c + 5285 = -5*l, -j*l = 5*c - 2*l - 5335. What are the prime factors of c?
2, 3, 59
Let q(v) be the second derivative of v**4/12 + 17*v**3/6 + 13*v**2/2 + 23*v. List the prime factors of q(18).
643
Let r(d) = 3*d**2 + 20*d - 2. Let m be r(-7). Suppose m*g + 8*g = -26. Let q = 48 + g. What are the prime factors of q?
2, 23
What are the prime factors of 56/(-308) - 370746/(-11)?
2, 11, 383
Let s(p) be the third derivative of -p**6/15 + 3*p**5/20 + 11*p**4/24 - 7*p**3/3 - 2*p**2 + 36. List the prime factors of s(-5).
2, 17
Suppose 0 = -27*y + 12*y - 3*y + 566028. List the prime factors of y.
2, 3, 1747
Let y(w) = -w**3 - 6*w**2 - 7*w - 7. Let f be y(-5). Let a(d) = 4 + 0*d - 3*d**2 + 11*d - 7*d**f - 15*d. What are the prime factors of a(-2)?
2, 7
Let c be (-10 - -6)*(-3)/6. Suppose -4*f - 5*a - 71 = -5*f, 0 = -4*f - c*a + 262. List the prime factors of f.
2, 3, 11
Let q be (180/100)/(12/2120). Let t(j) = -21*j**3 - 3*j**2 + j + 2. Let w be t(2). Let s = q + w. What are the prime factors of s?
2, 71
Let i(o) = o**2 + 4*o - 2. Let t be i(1). Suppose -t*q - 3*b = -870, -q + 6*b = b - 266. List the prime factors of q.
2, 11, 13
Let n = -138 - -48. Let u = 151 + n. List the prime factors of u.
61
Let a be ((-190)/40)/(2/(-88)). Suppose -a + 6 = -j. List the prime factors of 8/20 + j/5.
41
Let f(w) = w**2 - 44*w + 2. Let t be f(44). Suppose 5*g = t*q + 10295, 6181 = 3*g - 3*q + q. List the prime factors of g.
11, 17
Let v = 20343 - -11287. List the prime factors of v.
2, 5, 3163
Let i be 12 + 1 + 0 + 267. Suppose 2*x + 3*x - 420 = 0. Let k = i - x. What are the prime factors of k?
2, 7
Let t = -229 + 2964. What are the prime factors of t?
5, 547
Let m(j) = -2*j**2 + 25*j + 28. Let z be m(13). Let n be (-8 - 102)*z/(-6). Suppose 0 = -15*y + 2110 + n. What are the prime factors of y?
3, 53
Let a = 184 - 65. Let r = 19 + -16. Suppose -4*p + p + a = -o, p + r*o = 53. What are the prime factors of p?
41
Let m(a) = -5*a**3 + 78*a + 593. List the prime factors of m(-12).
8297
Let y = -30 + 25. Let m(l) = -29*l + 12. Let j(n) = 29*n - 11. Let s(c) = y*j(c) - 6*m(c). What are the prime factors of s(4)?
3, 11
Let r(a) = -262*a**2 - 18*a + 36. Let v be r(2). Let l = v + 1592. List the prime factors of l.
2, 17
Suppose -28*g = -23*g - 260. Let c = g + -25. What are the prime factors of 297/6*-6*(-12)/c?
2, 3, 11
Suppose -3*d + 8*d = 10. Suppose 3*a + d*c - 171 = -c, -3*a + 164 = -4*c. Suppose 0 = 3*s - 12, -u - 2*s + a = -0*u. What are the prime factors of u?
2, 3
Suppose -3*m = -4*o, -2*o + 3*m = 2*m. Suppose o = -8*b + 5*b. Let s(k) = k**3 - k**2 + k + 127. List the prime factors of s(b).
127
Let t be 1 + 20/6 + (-11)/33. Suppose t*k = -0*k + 2204. Suppose -3*m + 262 = c, -5*m - 5*c - 121 = -k. What are the prime factors of m?
2, 11
Suppose -4*s = 2*j - 0 + 4, 0 = 4*j + 2*s + 2. Suppose j*f - 40 = 5*i - 2*f, 3*i - 7 = -5*f. What are the prime factors of (-472)/i + 12/9?
2, 5
Let b = 15516 + -6312. List the prime factors of b.
2, 3, 13, 59
Suppose 0 = 5*x - c + 965, 5*x + c = 6*c - 985. Let i = x + 341. List the prime factors of i.
149
Suppose -15 = -5*k, -2*l - k + 2*k + 23 = 0. Suppose w - l = 5*m - 3*m, w - m = 12. Suppose -16*u = -w*u - 260. What are the prime factors of u?
2, 13
Suppose 4*m = 3*d - 5*d - 228, 2*d - 5*m + 183 = 0. Suppose 10*t + 38 - 18 = 0. What are the prime factors of t/(-3) + (d/(-6) - -2)?
2, 5
Let l(k) = -k**3 - 7*k**2 - 10*k - 4. Let a be l(-3). What are the prime factors of ((-3072)/(-36) - -8)*(-36)/a?
2, 3, 7
Suppose 114*n = 93619 + 2998061. List the prime factors of n.
2, 3, 5, 113
Let w(m) = -m**3 + 5*m**2 - 2*m - 6. Let y be w(3). Suppose -307 = y*l - 847. List the prime factors of l.
2, 3, 5
Let i(h) = h**2 + 13*h + 16. Let x be i(-12). Suppose x*f - 3*y = 910, -y + 6 = -4*y. Suppose -4*l = -3*l - f. What are the prime factors of l?
2, 113
Suppose 59135 = c - g + 3777, 3*c + 5*g = 166002. List the prime factors of c.
7, 7907
Let t(y) = 5*y**2 - 2*y**2 + 5 + 15 + 0*y**2 + 41*y. What are the prime factors of t(-19)?
2, 3
Let a = 0 - -2. Suppose 0 = 2*x - 4*y - 70, 5*x - a*y + y - 193 = 0. List the prime factors of (-50)/(-6) - (-26)/x.
3
Let z(y) = 5*y**3 + 27*y**2 - 2*y - 99. Let a(x) = 3*x**3 + 26*x**2 - 2*x - 99. Let p(j) = 3*a(j) - 2*z(j). What are the prime factors of p(23)?
2, 3
Suppose -o = -2*g + 11282, 0 = -2*g - 5*o + 8*o + 11286. What are the prime factors of g?
2, 3, 5, 47
Let s(r) = -1301*r**3 + 15*r**2 - 2*r + 3. What are the prime factors of s(-2)?
5, 419
Suppose 5*i + 14 = -2*a + 2*i, 0 = a + 3*i + 13. Let j = 1 + a. Suppose -5*v - 2*m = -j*m - 300, 5*v + 3*m - 300 = 0. What are the prime factors of v?
2, 3, 5
Let j be (-2 - 84/(-9))/(18/1755). Suppose -2*x - 2*x = -4*i + 2908, 0 = i + 2*x - j. List the prime factors of i.
3, 241
Suppose -13*i - 71519 + 226752 = 0. List the prime factors of i.
11941
Suppose 2*h + 17002 = 5*d - 2743, 0 = -3*h. What are the prime factors of d?
11, 359
Let m = 79 + -73. Suppose 0 = -5*l + b + 319, 4*b = 10*l - m*l - 268. Suppose 2*k - l = 291. What are the prime factors of k?
3, 59
Let a = -31 - -71. What are the prime factors of 19047/33 - a/220?
577
Suppose 5*g - 12*g = -28. Suppose j + g*w - 1690 = 0, 4*j + 3*w + 2*w = 6815. Suppose -6*s = 4*s - j. List the prime factors of s.
3, 19
Let y = 35144 - 7876. What are the prime factors of y?
2, 17, 401
Suppose 59 = 3*f + 20. Let k(x) = x**2 - 13*x + 4. Let h be k(f). Suppose y = w + 126, y = 5*y + h*w - 480. What are the prime factors of y?
3, 41
Suppose -2*h - 3*o + 10869 = 0, 7*h = 12*h - 5*o - 27235. List the prime factors of h.
2, 3, 907
Let n(d) = d**2 + 3*d - 6. Suppose -7*o + 535 = 52. Let a = -74 + o. What are the prime factors of n(a)?
2
Suppose -40*u + 33*u = -28. List the prime factors of 12957/28 - u/(-16).
463
Let q = -11 + 13. Suppose 4*w + 5*j = 68, 0 = 2*w - 5*j - 2 - q. Suppose -s - 5*c - 1 = 0, 4*c = -4*s - w + 56. What are the prime factors of s?
2, 7
Suppose -3*y + 6*y + 247 = -4*s, 2*y = -4*s - 246. Let k be (3 + (-60)/5)*s. Suppose 1359 = 5*l + k. What are the prime factors of l?
2, 3
Let s(l) = 1532*l**2 - 29*l + 86. What are the prime factors of s(2)?
2, 3, 19
Let x be 17/(-102) + 2/12. Let b(s) = s**3 + 11*s**2 + s + 15. Let k be b(-11). Suppose 2*p - 2 = x, -p - 299 = -4*j - k*p. What are the prime factors of j?
2, 37
Let q(d) = -3*d + 11. Suppose 6*s + 7 = 25. Let j be q(s). Suppose -j*u + 162 = 3*p + u, 5*p - 272 = -3*u. List the prime factors of p.
5, 11
Let f = -418 + 819. Suppose 8*z + f = 7153. What are the prime factors of z?
2, 211
Suppose 5*y - 4*x = 89323, -3*y + 0*y - 4*x + 53549 = 0. List the prime factors of y.
3, 5953
Let a be 1*59 + -3 + 6. Let g = a - 167. Let d = 176 + g. List the prime factors of d.
71
Let z(l) = -9*l + 48. Let q be z(5). Suppose -6*m + 778 = 3*v - m, 4*v + q*m - 1019 = 0. List the prime factors of v.
251
Suppose -32*z = -35*z + 9. Let j = 